{"id":227,"date":"2018-06-13T12:10:16","date_gmt":"2018-06-13T12:10:16","guid":{"rendered":"https:\/\/www.run-a-way.de\/?page_id=227"},"modified":"2025-11-26T17:27:19","modified_gmt":"2025-11-26T16:27:19","slug":"draussen","status":"publish","type":"page","link":"https:\/\/www.run-a-way.de\/?page_id=227","title":{"rendered":"7. Drau\u00dfen&#8230;"},"content":{"rendered":"\n<p><\/p>\n\n\n\n<h2 class=\"wp-block-heading\"><strong>I am on the outside<\/strong><\/h2>\n\n\n\n<p>09.12.2003, Tagebucheintrag<\/p>\n\n\n\n<p>Das ist der Punkt! Ich habe den Bezug zur Realit\u00e4t verloren!<br>Die Realit\u00e4t ist mir schei\u00dfegal.<br>Warum sollte ich mich um den Quatsch k\u00fcmmern, den ich fr\u00fcher gemacht habe?<br>Warum soll ich mich f\u00fcr irgendetwas interessieren?<br>Ich habe keinen Bock mehr, mich irgendwo anzupassen.<br>Ihr habt mich doch als \u201eirre\u201c ausgegrenzt, mich weggesperrt!<\/p>\n\n\n\n<p>Warum wollt ihr jetzt von mir? Das ich wieder in eurer Welt funktioniere?<br>Ich bin \u201edrau\u00dfen\u201c, und das bleibe ich so lange ich will!<br>Ihr k\u00f6nnt von mir denken, dass ich wieder gesund bin, wenn ihr wollt.<\/p>\n\n\n\n<p>Ich bleibe drau\u00dfen\u2026<\/p>\n\n\n\n<p>   <\/p>\n\n\n<div class=\"wp-block-image\">\n<figure class=\"aligncenter size-large\"><img loading=\"lazy\" decoding=\"async\" width=\"1024\" height=\"768\" src=\"https:\/\/www.run-a-way.de\/wp-content\/uploads\/2023\/01\/Bild-092-1024x768.jpg\" alt=\"\" class=\"wp-image-546\" srcset=\"https:\/\/www.run-a-way.de\/wp-content\/uploads\/2023\/01\/Bild-092-1024x768.jpg 1024w, https:\/\/www.run-a-way.de\/wp-content\/uploads\/2023\/01\/Bild-092-300x225.jpg 300w, https:\/\/www.run-a-way.de\/wp-content\/uploads\/2023\/01\/Bild-092-768x576.jpg 768w, https:\/\/www.run-a-way.de\/wp-content\/uploads\/2023\/01\/Bild-092-1536x1152.jpg 1536w, https:\/\/www.run-a-way.de\/wp-content\/uploads\/2023\/01\/Bild-092-800x600.jpg 800w, https:\/\/www.run-a-way.de\/wp-content\/uploads\/2023\/01\/Bild-092.jpg 1600w\" sizes=\"auto, (max-width: 1024px) 100vw, 1024px\" \/><figcaption class=\"wp-element-caption\">Selbstbildnis 2005<\/figcaption><\/figure>\n<\/div>\n\n\n<p>   <\/p>\n\n\n\n<p>23.03.2005, ein anderes Tagebuch<\/p>\n\n\n\n<p>Ich schreite durch die Dunkelheit, die endlose Leere und Stille.<br>\u201eWarum?\u201c<br>Ich bleibe stehen und knie mich hin.<br>Pl\u00f6tzlich f\u00e4llt alles auf mich hernieder.<br>Ich schlage die Arme \u00fcber den Kopf zusammen. Doch es hilft nichts.<br>Ich habe kein Schutzschild. Ich liege.<br>Auf mir lasten Tonnen von schweren Felsbrocken.<br>Immer noch winde ich mich vor Schmerzen, immer noch atme ich.<br>\u201eWarum?\u201c<\/p>\n\n\n\n<p>Psychiatrie, Berlin 19.04.05<\/p>\n\n\n\n<p>Ich wei\u00df nicht was mit mir los ist.<br>Ich halte es nicht mehr aus.<br>Ich will nur noch sterben. Alles was ich hier tue ist falsch.<br>Ich isoliere mich. Ich bitte niemanden um Hilfe. Ich f\u00fchle mich l\u00e4cherlich.<br>Ich will weg. Ich f\u00fchle mich schrecklich einsam, und doch kann ich zu niemanden Kontakt aufnehmen. Ich wei\u00df nicht mehr weiter.<\/p>\n\n\n\n<p>Anmerkung 2018,<br>Ja, Herr Oberarzt Dr. Sowieso., ob das so ne gute Idee ist, trotz Einw\u00e4nde einiger Kollegen, das&nbsp;<a href=\"https:\/\/de.wikipedia.org\/wiki\/Quetiapin\" target=\"_blank\" rel=\"noreferrer noopener\">Seroquel<\/a>&nbsp;abzusetzen? Vielleicht hilft ja zus\u00e4tzlich ein bissl&nbsp;<a href=\"https:\/\/de.wikipedia.org\/wiki\/Venlafaxin\" target=\"_blank\" rel=\"noreferrer noopener\">Trevilor<\/a>&nbsp; um die Sache zu beschleunigen\u2026?<\/p>\n\n\n\n<p>Das Ungl\u00fcck nimmt seinen Lauf\u2026:<br>Irgendwann war ich mal wieder zur Krisenintervention in der Psychiatrie gelandet. Diesmal wegen starken Depressionen und Suizidgedanken.<br>Ich wurde auf Herz und Nieren getestet, da ich mich bereit erkl\u00e4rte, mit einer Studentin der Psychologie, ein Gutachten \u00fcber mich schreiben zu lassen. Die Vereinbarung war, dass ich es hinterher lesen darf. Dabei kam ein IQ von 131 heraus- das war ja schonmal ganz toll. Au\u00dferdem wurde mir eine neue Diagnose zuteile: Ich bin scheinbar (auch) Borderliner. Yeah! Das klingt ziemlich cool.<br>Als ich dann mein Therapeut bat, mir das Gutachten zu zeigen. Sagte dieser, dass das nicht geht, weil die Frau Studentin das nicht wollte. Ich regte mich auf und er pflichtete mir bei. Er gab mir ihre private Telefonnummer(!). Als ich sie anrief um ihr zu sagen, dass sie das Gutachten rausr\u00fccken sollte, sagte sie: \u201eIch bin da nicht so ein Fan davon, sowas den Patienten zum Lesen zu geben. Aber wissen sie was: Ich habe eine eins f\u00fcr sie bekommen! Woher haben sie \u00fcberhaupt diese Nummer?\u201c. Ich war hellauf begeistert: Juhu, ich bin ne eins! Anscheinend geh\u00f6rte Aufrichtigkeit, Ehrlichkeit und Verantwortungsbewusstsein nicht zu ihren Spezialf\u00e4chern. Vielleicht sollte mal jemand ein Gutachten \u00fcber das M\u00e4del schreiben, ich w\u00fcrde es ihr sogar zukommen lassen\u2026<br><br>Ich informierte mich und bekam heraus, dass es in der Berliner Charit\u00e9 eine Spezialtherapie f\u00fcr diese Erkrankung (<a href=\"https:\/\/de.wikipedia.org\/wiki\/Borderline-Pers%C3%B6nlichkeitsst%C3%B6rung\" target=\"_blank\" rel=\"noreferrer noopener\">Borderline<\/a>) gibt. Station 5, Eschenallee (damals 2005).<\/p>\n\n\n\n<p>Ich ging zun\u00e4chst zu einem Vorgespr\u00e4ch in dem klar wurde, dass ich hier\/dort wohl richtig bin.<\/p>\n\n\n\n<p>Es folgte eine zweiw\u00f6chige Diagnostik, in der herauskam, dass es sich um eine kombinierte Pers\u00f6nlichkeitsst\u00f6rung mit selbstunsicheren, emotional instabilen (<a href=\"https:\/\/de.wikipedia.org\/wiki\/Borderline-Pers%C3%B6nlichkeitsst%C3%B6rung\" target=\"_blank\" rel=\"noreferrer noopener\">Borderline<\/a>) und narzisstischen Anteilen handelt.<br>&nbsp;<br>Es folgten 12 Wochen intensive dialektisch behavioraler Therapie. Es war eine Station auf der fast nur Frauen waren, die mich zum Teil auch mobbten, vor allem die homosexuellen unter ihnen. Sie wollten unter sich sein und mit M\u00e4nnern, wie man mir direkt sagte, konnten sie \u00fcberhaupt nix anfangen.<\/p>\n\n\n\n<p>Zu dieser Zeit war ich sehr klein mit Hut, da schwer depressiv. Ich f\u00fchlte mich hier \u00fcberhaupt nicht wohl.<br>Ein so genannter Co-Therapeut brachte mich auf die Idee, eventuell ein Antidepressivum zu probieren. In der Oberarztvisite, bei der man vom gesamten Stationspersonal begutachtet wurde, \u00e4hnlich wie bei einem Verh\u00f6r, fragte ich danach und ohne (wahrscheinlich) meine vorherige Krankheitsgeschichte zu ber\u00fccksichtigen (Manie, Psychose) verschrieb mir der Oberarzt Herr Dr. Sowieso (eine Koryph\u00e4e im Bereich Psychiatrie, speziell Pers\u00f6nlichkeitsst\u00f6rungen)&nbsp;<a href=\"https:\/\/de.wikipedia.org\/wiki\/Venlafaxin\" target=\"_blank\" rel=\"noreferrer noopener\">Trevilor<\/a>&nbsp;und setzte mein Neuroleptikum (damals&nbsp;<a href=\"https:\/\/de.wikipedia.org\/wiki\/Quetiapin\" target=\"_blank\" rel=\"noreferrer noopener\">Seroquel<\/a>) ab.<\/p>\n\n\n\n<p>Und siehe da: Mir ging es nach einiger Zeit viele besser. Tja, aus heutiger Sicht logisch. Teufel!<br>Ich bl\u00fchte regelrecht auf, verliebte mich in eine Mitpatientin, die zu diesem Zeitpunkt ebenfalls gemobbt wurde, trennte mich wegen ihr von meiner Freundin. (Meiner heutigen Ehefrau, sorry daf\u00fcr nochmal).<\/p>\n\n\n\n<p>Bei einem so genannten Interview vor Studenten kam nun doch nochmals meine vergangene Manie zur Sprache. Der anleitende Arzt sprach mich danach auch nochmal an, ob es nicht besser w\u00e4re, ein Neuroleptikum zu verabreichen, aber da war es schon zu sp\u00e4t, ich wollte nicht mehr.<\/p>\n\n\n\n<p>Mir ging es doch wieder blendend! Juhu! Ich st\u00fcrzte mich ins Leben und fiel voll auf die Fresse.<br><br>Die blutjunge Frau&nbsp;aus der Psychiatrie in Berlin und ich zogen nach kurzer Zeit zusammen in meine Wohnung in der Leipziger Innenstadt. Am Anfang ging das noch ganz gut. Wir waren irgendwie beide ziemlich \u201eStrange\u201c drauf. Feierten uns und unser neues Leben nach der Psychiatrie. Irgendwann verlobten wir uns und planten uns einen Bauernhof zu kaufen. Dazu brauchte ich Geld. Geld aus der Firma, denn ich war mittlerweile ziemlich pleite. (Was nicht verwunderlich ist, wenn man z.B. in der Psychiatrie 50-Euro Scheine verteilt&#8230;)<br>Das fand mein Vater nicht ganz so prickelnd\u2026naja das Thema sollte sich aber von selbst erledigen. &nbsp;<br><br>Die Beziehung zu meiner Verlobten begann immer mehr zu eskalieren. Sie war Borderlinerin und ich war mitten in einer Hypomanie die sich allm\u00e4hlig zur ausgewachsenen Psychose entwickelte. Ich und sie schaukelten uns hoch, wir gerieten immer wieder aneinander. Irgendwann haute sie ab und fand zun\u00e4chst Asyl bei meinen Eltern. Ich verteilte ihre gesamte Habe im Hausflur auf der Treppe. Die Nachbarn waren begeistert, denn das ganze ging nicht gerade leise von statten.<br>Jetzt war ich ganz allein und br\u00fctete meine Psychose aus.<br>&nbsp;&nbsp;&nbsp;&nbsp;<\/p>\n\n\n\n<h2 class=\"wp-block-heading\"><strong>\u201eYou make this all go away<br>I\u2019m down to just one thing, and I\u2019m starting to scare myself\u201c<\/strong><\/h2>\n\n\n\n<p>(Zitat:\u200e \u200eTrent Reznor\/Band: Nine Inch Nails)<\/p>\n\n\n\n<p><\/p>\n\n\n\n<p><a href=\"https:\/\/www.run-a-way.de\/?page_id=237\">und ab gehts&gt;<\/a><\/p>\n\n\n\n<p><\/p>\n\n\n\n<figure class=\"wp-block-embed is-type-video is-provider-youtube wp-block-embed-youtube wp-embed-aspect-16-9 wp-has-aspect-ratio\"><div class=\"wp-block-embed__wrapper\">\n<iframe loading=\"lazy\" hcb-fetch-image-from=\"https:\/\/youtu.be\/N9EmmqUsMak?si=iD8OC7En0c3Yiarm\" title=\"Nine Inch Nails - Something I Can Never Have (Natural Born Killers)\" width=\"1080\" height=\"608\" src=\"https:\/\/www.youtube.com\/embed\/N9EmmqUsMak?feature=oembed\" frameborder=\"0\" allow=\"accelerometer; autoplay; clipboard-write; encrypted-media; gyroscope; picture-in-picture; web-share\" referrerpolicy=\"strict-origin-when-cross-origin\" allowfullscreen><\/iframe>\n<\/div><\/figure>\n\n\n\n<p><\/p>\n","protected":false},"excerpt":{"rendered":"<p>I am on the outside 09.12.2003, Tagebucheintrag Das ist der Punkt! Ich habe den Bezug zur Realit\u00e4t verloren!Die Realit\u00e4t ist mir schei\u00dfegal.Warum sollte ich mich um den Quatsch k\u00fcmmern, den ich fr\u00fcher gemacht habe?Warum soll ich mich f\u00fcr irgendetwas interessieren?Ich habe keinen Bock mehr, mich irgendwo anzupassen.Ihr habt mich doch als \u201eirre\u201c ausgegrenzt, mich weggesperrt! [&hellip;]<\/p>\n","protected":false},"author":1,"featured_media":0,"parent":0,"menu_order":0,"comment_status":"closed","ping_status":"closed","template":"","meta":{"footnotes":""},"class_list":["post-227","page","type-page","status-publish","hentry"],"_links":{"self":[{"href":"https:\/\/www.run-a-way.de\/index.php?rest_route=\/wp\/v2\/pages\/227","targetHints":{"allow":["GET"]}}],"collection":[{"href":"https:\/\/www.run-a-way.de\/index.php?rest_route=\/wp\/v2\/pages"}],"about":[{"href":"https:\/\/www.run-a-way.de\/index.php?rest_route=\/wp\/v2\/types\/page"}],"author":[{"embeddable":true,"href":"https:\/\/www.run-a-way.de\/index.php?rest_route=\/wp\/v2\/users\/1"}],"replies":[{"embeddable":true,"href":"https:\/\/www.run-a-way.de\/index.php?rest_route=%2Fwp%2Fv2%2Fcomments&post=227"}],"version-history":[{"count":20,"href":"https:\/\/www.run-a-way.de\/index.php?rest_route=\/wp\/v2\/pages\/227\/revisions"}],"predecessor-version":[{"id":1304,"href":"https:\/\/www.run-a-way.de\/index.php?rest_route=\/wp\/v2\/pages\/227\/revisions\/1304"}],"wp:attachment":[{"href":"https:\/\/www.run-a-way.de\/index.php?rest_route=%2Fwp%2Fv2%2Fmedia&parent=227"}],"curies":[{"name":"wp","href":"https:\/\/api.w.org\/{rel}","templated":true}]}}

7. Draußen&#8230;

<p></p>



<h2 class="wp-block-heading"><strong>I am on the outside</strong></h2>



<p>09.12.2003, Tagebucheintrag</p>



<p>Das ist der Punkt! Ich habe den Bezug zur Realität verloren!<br>Die Realität ist mir scheißegal.<br>Warum sollte ich mich um den Quatsch kümmern, den ich früher gemacht habe?<br>Warum soll ich mich für irgendetwas interessieren?<br>Ich habe keinen Bock mehr, mich irgendwo anzupassen.<br>Ihr habt mich doch als „irre“ ausgegrenzt, mich weggesperrt!</p>



<p>Warum wollt ihr jetzt von mir? Das ich wieder in eurer Welt funktioniere?<br>Ich bin „draußen“, und das bleibe ich so lange ich will!<br>Ihr könnt von mir denken, dass ich wieder gesund bin, wenn ihr wollt.</p>



<p>Ich bleibe draußen…</p>



<p>   </p>


<div class="wp-block-image">
<figure class="aligncenter size-large"><img loading="lazy" decoding="async" width="1024" height="768" src="https://www.run-a-way.de/wp-content/uploads/2023/01/Bild-092-1024x768.jpg" alt="" class="wp-image-546" srcset="https://www.run-a-way.de/wp-content/uploads/2023/01/Bild-092-1024x768.jpg 1024w, https://www.run-a-way.de/wp-content/uploads/2023/01/Bild-092-300x225.jpg 300w, https://www.run-a-way.de/wp-content/uploads/2023/01/Bild-092-768x576.jpg 768w, https://www.run-a-way.de/wp-content/uploads/2023/01/Bild-092-1536x1152.jpg 1536w, https://www.run-a-way.de/wp-content/uploads/2023/01/Bild-092-800x600.jpg 800w, https://www.run-a-way.de/wp-content/uploads/2023/01/Bild-092.jpg 1600w" sizes="auto, (max-width: 1024px) 100vw, 1024px" /><figcaption class="wp-element-caption">Selbstbildnis 2005</figcaption></figure>
</div>


<p>   </p>



<p>23.03.2005, ein anderes Tagebuch</p>



<p>Ich schreite durch die Dunkelheit, die endlose Leere und Stille.<br>„Warum?“<br>Ich bleibe stehen und knie mich hin.<br>Plötzlich fällt alles auf mich hernieder.<br>Ich schlage die Arme über den Kopf zusammen. Doch es hilft nichts.<br>Ich habe kein Schutzschild. Ich liege.<br>Auf mir lasten Tonnen von schweren Felsbrocken.<br>Immer noch winde ich mich vor Schmerzen, immer noch atme ich.<br>„Warum?“</p>



<p>Psychiatrie, Berlin 19.04.05</p>



<p>Ich weiß nicht was mit mir los ist.<br>Ich halte es nicht mehr aus.<br>Ich will nur noch sterben. Alles was ich hier tue ist falsch.<br>Ich isoliere mich. Ich bitte niemanden um Hilfe. Ich fühle mich lächerlich.<br>Ich will weg. Ich fühle mich schrecklich einsam, und doch kann ich zu niemanden Kontakt aufnehmen. Ich weiß nicht mehr weiter.</p>



<p>Anmerkung 2018,<br>Ja, Herr Oberarzt Dr. Sowieso., ob das so ne gute Idee ist, trotz Einwände einiger Kollegen, das&nbsp;<a href="https://de.wikipedia.org/wiki/Quetiapin" target="_blank" rel="noreferrer noopener">Seroquel</a>&nbsp;abzusetzen? Vielleicht hilft ja zusätzlich ein bissl&nbsp;<a href="https://de.wikipedia.org/wiki/Venlafaxin" target="_blank" rel="noreferrer noopener">Trevilor</a>&nbsp; um die Sache zu beschleunigen…?</p>



<p>Das Unglück nimmt seinen Lauf…:<br>Irgendwann war ich mal wieder zur Krisenintervention in der Psychiatrie gelandet. Diesmal wegen starken Depressionen und Suizidgedanken.<br>Ich wurde auf Herz und Nieren getestet, da ich mich bereit erklärte, mit einer Studentin der Psychologie, ein Gutachten über mich schreiben zu lassen. Die Vereinbarung war, dass ich es hinterher lesen darf. Dabei kam ein IQ von 131 heraus- das war ja schonmal ganz toll. Außerdem wurde mir eine neue Diagnose zuteile: Ich bin scheinbar (auch) Borderliner. Yeah! Das klingt ziemlich cool.<br>Als ich dann mein Therapeut bat, mir das Gutachten zu zeigen. Sagte dieser, dass das nicht geht, weil die Frau Studentin das nicht wollte. Ich regte mich auf und er pflichtete mir bei. Er gab mir ihre private Telefonnummer(!). Als ich sie anrief um ihr zu sagen, dass sie das Gutachten rausrücken sollte, sagte sie: „Ich bin da nicht so ein Fan davon, sowas den Patienten zum Lesen zu geben. Aber wissen sie was: Ich habe eine eins für sie bekommen! Woher haben sie überhaupt diese Nummer?“. Ich war hellauf begeistert: Juhu, ich bin ne eins! Anscheinend gehörte Aufrichtigkeit, Ehrlichkeit und Verantwortungsbewusstsein nicht zu ihren Spezialfächern. Vielleicht sollte mal jemand ein Gutachten über das Mädel schreiben, ich würde es ihr sogar zukommen lassen…<br><br>Ich informierte mich und bekam heraus, dass es in der Berliner Charité eine Spezialtherapie für diese Erkrankung (<a href="https://de.wikipedia.org/wiki/Borderline-Pers%C3%B6nlichkeitsst%C3%B6rung" target="_blank" rel="noreferrer noopener">Borderline</a>) gibt. Station 5, Eschenallee (damals 2005).</p>



<p>Ich ging zunächst zu einem Vorgespräch in dem klar wurde, dass ich hier/dort wohl richtig bin.</p>



<p>Es folgte eine zweiwöchige Diagnostik, in der herauskam, dass es sich um eine kombinierte Persönlichkeitsstörung mit selbstunsicheren, emotional instabilen (<a href="https://de.wikipedia.org/wiki/Borderline-Pers%C3%B6nlichkeitsst%C3%B6rung" target="_blank" rel="noreferrer noopener">Borderline</a>) und narzisstischen Anteilen handelt.<br>&nbsp;<br>Es folgten 12 Wochen intensive dialektisch behavioraler Therapie. Es war eine Station auf der fast nur Frauen waren, die mich zum Teil auch mobbten, vor allem die homosexuellen unter ihnen. Sie wollten unter sich sein und mit Männern, wie man mir direkt sagte, konnten sie überhaupt nix anfangen.</p>



<p>Zu dieser Zeit war ich sehr klein mit Hut, da schwer depressiv. Ich fühlte mich hier überhaupt nicht wohl.<br>Ein so genannter Co-Therapeut brachte mich auf die Idee, eventuell ein Antidepressivum zu probieren. In der Oberarztvisite, bei der man vom gesamten Stationspersonal begutachtet wurde, ähnlich wie bei einem Verhör, fragte ich danach und ohne (wahrscheinlich) meine vorherige Krankheitsgeschichte zu berücksichtigen (Manie, Psychose) verschrieb mir der Oberarzt Herr Dr. Sowieso (eine Koryphäe im Bereich Psychiatrie, speziell Persönlichkeitsstörungen)&nbsp;<a href="https://de.wikipedia.org/wiki/Venlafaxin" target="_blank" rel="noreferrer noopener">Trevilor</a>&nbsp;und setzte mein Neuroleptikum (damals&nbsp;<a href="https://de.wikipedia.org/wiki/Quetiapin" target="_blank" rel="noreferrer noopener">Seroquel</a>) ab.</p>



<p>Und siehe da: Mir ging es nach einiger Zeit viele besser. Tja, aus heutiger Sicht logisch. Teufel!<br>Ich blühte regelrecht auf, verliebte mich in eine Mitpatientin, die zu diesem Zeitpunkt ebenfalls gemobbt wurde, trennte mich wegen ihr von meiner Freundin. (Meiner heutigen Ehefrau, sorry dafür nochmal).</p>



<p>Bei einem so genannten Interview vor Studenten kam nun doch nochmals meine vergangene Manie zur Sprache. Der anleitende Arzt sprach mich danach auch nochmal an, ob es nicht besser wäre, ein Neuroleptikum zu verabreichen, aber da war es schon zu spät, ich wollte nicht mehr.</p>



<p>Mir ging es doch wieder blendend! Juhu! Ich stürzte mich ins Leben und fiel voll auf die Fresse.<br><br>Die blutjunge Frau&nbsp;aus der Psychiatrie in Berlin und ich zogen nach kurzer Zeit zusammen in meine Wohnung in der Leipziger Innenstadt. Am Anfang ging das noch ganz gut. Wir waren irgendwie beide ziemlich „Strange“ drauf. Feierten uns und unser neues Leben nach der Psychiatrie. Irgendwann verlobten wir uns und planten uns einen Bauernhof zu kaufen. Dazu brauchte ich Geld. Geld aus der Firma, denn ich war mittlerweile ziemlich pleite. (Was nicht verwunderlich ist, wenn man z.B. in der Psychiatrie 50-Euro Scheine verteilt&#8230;)<br>Das fand mein Vater nicht ganz so prickelnd…naja das Thema sollte sich aber von selbst erledigen. &nbsp;<br><br>Die Beziehung zu meiner Verlobten begann immer mehr zu eskalieren. Sie war Borderlinerin und ich war mitten in einer Hypomanie die sich allmählig zur ausgewachsenen Psychose entwickelte. Ich und sie schaukelten uns hoch, wir gerieten immer wieder aneinander. Irgendwann haute sie ab und fand zunächst Asyl bei meinen Eltern. Ich verteilte ihre gesamte Habe im Hausflur auf der Treppe. Die Nachbarn waren begeistert, denn das ganze ging nicht gerade leise von statten.<br>Jetzt war ich ganz allein und brütete meine Psychose aus.<br>&nbsp;&nbsp;&nbsp;&nbsp;</p>



<h2 class="wp-block-heading"><strong>„You make this all go away<br>I’m down to just one thing, and I’m starting to scare myself“</strong></h2>



<p>(Zitat:‎ ‎Trent Reznor/Band: Nine Inch Nails)</p>



<p></p>



<p><a href="https://www.run-a-way.de/?page_id=237">und ab gehts&gt;</a></p>



<p></p>



<figure class="wp-block-embed is-type-video is-provider-youtube wp-block-embed-youtube wp-embed-aspect-16-9 wp-has-aspect-ratio"><div class="wp-block-embed__wrapper">
<iframe loading="lazy" hcb-fetch-image-from="https://youtu.be/N9EmmqUsMak?si=iD8OC7En0c3Yiarm" title="Nine Inch Nails - Something I Can Never Have (Natural Born Killers)" width="1080" height="608" src="https://www.youtube.com/embed/N9EmmqUsMak?feature=oembed" frameborder="0" allow="accelerometer; autoplay; clipboard-write; encrypted-media; gyroscope; picture-in-picture; web-share" referrerpolicy="strict-origin-when-cross-origin" allowfullscreen></iframe>
</div></figure>



<p></p>

<p>I am on the outside 09.12.2003, Tagebucheintrag Das ist der Punkt! Ich habe den Bezug zur Realität verloren!Die Realität ist mir scheißegal.Warum sollte ich mich um den Quatsch kümmern, den ich früher gemacht habe?Warum soll ich mich für irgendetwas interessieren?Ich habe keinen Bock mehr, mich irgendwo anzupassen.Ihr habt mich doch als „irre“ ausgegrenzt, mich weggesperrt! [&hellip;]</p>
