{"id":324,"date":"2018-06-14T09:19:56","date_gmt":"2018-06-14T09:19:56","guid":{"rendered":"https:\/\/www.run-a-way.de\/?page_id=324"},"modified":"2025-11-28T13:50:49","modified_gmt":"2025-11-28T12:50:49","slug":"love","status":"publish","type":"page","link":"https:\/\/www.run-a-way.de\/?page_id=324","title":{"rendered":"Love"},"content":{"rendered":"\n<h2 class=\"wp-block-heading\">Kann sein, dass es jetzt bissl schmalzig wird \ud83d\ude1b<\/h2>\n\n\n\n<p>Was jetzt kommt ist privat und muss nicht unbedingt jeder lesen:<\/p>\n\n\n\n<p>Du, meine Liebe&#8230; (Ich hoffe das ertr\u00e4gst du jetzt) sch\u00f6n, dass es dich gibt, sch\u00f6n dass es uns gibt. Ich hoffe und w\u00fcnsche, dass auch f\u00fcr dich das Leben Dinge bereith\u00e4lt, die dir Freude machen. Wir haben gelernt fast alles irgendwie zusammen durchzustehen. Ich hoffe wir werden unseren Weg gemeinsam weitergehen.<\/p>\n\n\n\n<p>Danke f\u00fcr die vielen Jahre an deiner Seite, die vielen gemeinsamen Erinnerungen, das Sch\u00f6ne und auch das Schmerzliche und das was noch vor uns liegt. Es gab Zeiten, da warst du mein letzter Rettungsanker&#8230;<br>\nIch liebe dich, meine Prinzessin \ud83d\ude09<\/p>\n\n\n\n<figure class=\"wp-block-embed is-type-video is-provider-youtube wp-block-embed-youtube wp-embed-aspect-16-9 wp-has-aspect-ratio\"><div class=\"wp-block-embed__wrapper\">\n<iframe loading=\"lazy\" hcb-fetch-image-from=\"https:\/\/youtu.be\/5anLPw0Efmo?si=KV3ggbAob7gsCyhT\" title=\"Evanescence - My Immortal (Official HD Music Video)\" width=\"1080\" height=\"608\" src=\"https:\/\/www.youtube.com\/embed\/5anLPw0Efmo?feature=oembed\" frameborder=\"0\" allow=\"accelerometer; autoplay; clipboard-write; encrypted-media; gyroscope; picture-in-picture; web-share\" referrerpolicy=\"strict-origin-when-cross-origin\" allowfullscreen><\/iframe>\n<\/div><\/figure>\n","protected":false},"excerpt":{"rendered":"<p>Kann sein, dass es jetzt bissl schmalzig wird \ud83d\ude1b Was jetzt kommt ist privat und muss nicht unbedingt jeder lesen: Du, meine Liebe&#8230; (Ich hoffe das ertr\u00e4gst du jetzt) sch\u00f6n, dass es dich gibt, sch\u00f6n dass es uns gibt. Ich hoffe und w\u00fcnsche, dass auch f\u00fcr dich das Leben Dinge bereith\u00e4lt, die dir Freude machen. [&hellip;]<\/p>\n","protected":false},"author":1,"featured_media":0,"parent":0,"menu_order":0,"comment_status":"closed","ping_status":"closed","template":"","meta":{"footnotes":""},"class_list":["post-324","page","type-page","status-publish","hentry"],"_links":{"self":[{"href":"https:\/\/www.run-a-way.de\/index.php?rest_route=\/wp\/v2\/pages\/324","targetHints":{"allow":["GET"]}}],"collection":[{"href":"https:\/\/www.run-a-way.de\/index.php?rest_route=\/wp\/v2\/pages"}],"about":[{"href":"https:\/\/www.run-a-way.de\/index.php?rest_route=\/wp\/v2\/types\/page"}],"author":[{"embeddable":true,"href":"https:\/\/www.run-a-way.de\/index.php?rest_route=\/wp\/v2\/users\/1"}],"replies":[{"embeddable":true,"href":"https:\/\/www.run-a-way.de\/index.php?rest_route=%2Fwp%2Fv2%2Fcomments&post=324"}],"version-history":[{"count":3,"href":"https:\/\/www.run-a-way.de\/index.php?rest_route=\/wp\/v2\/pages\/324\/revisions"}],"predecessor-version":[{"id":1334,"href":"https:\/\/www.run-a-way.de\/index.php?rest_route=\/wp\/v2\/pages\/324\/revisions\/1334"}],"wp:attachment":[{"href":"https:\/\/www.run-a-way.de\/index.php?rest_route=%2Fwp%2Fv2%2Fmedia&parent=324"}],"curies":[{"name":"wp","href":"https:\/\/api.w.org\/{rel}","templated":true}]}}