{"id":442,"date":"2018-06-16T09:08:50","date_gmt":"2018-06-16T09:08:50","guid":{"rendered":"https:\/\/www.run-a-way.de\/?page_id=442"},"modified":"2025-11-28T14:07:28","modified_gmt":"2025-11-28T13:07:28","slug":"diagnose","status":"publish","type":"page","link":"https:\/\/www.run-a-way.de\/?page_id=442","title":{"rendered":"Diagnose?"},"content":{"rendered":"\n<h2 class=\"wp-block-heading\">Schubladen&#8230;<\/h2>\n\n\n\n<p>Nur ganz kurz etwas zum Thema Diagnosen im psychiatrischen Kontext&#8230;<\/p>\n\n\n\n<p>Am Anfang war ich relativ normal (oder? \ud83d\ude1b ) dann wurde ich manisch depressiv. Das wurde mir irgendwann zu langweilig. Immer dieses Bl\u00f6de auf und ab&#8230;<br>\nDa dachte ich mir, ich werde Borderliner&#8230;das klingt nicht nur cool, sondern die sind&#8217;s irgendwie auch&#8230; hmmm, als N\u00e4chstes merkte ich, dass mein Selbstwert irgendwie gerade am Boden ist. Wie w\u00e4re es denn so ne Weile als Narzisst rumzulaufen? Das hat mir dann schon ganz gut gefallen&#8230;aber am Tollsten war ich dann als paranoider Schizophrener. Hatten wir ein Spa\u00df! \ud83d\ude1b &#8230;<\/p>\n\n\n\n<p>Naja, irgendwann kam dann die schlimmste Diagnose die man im psychiatrischen Bereich bekommen kann, ich war pl\u00f6tzlich nur noch &#8222;ICH&#8220;.<br> Die Schublade ging pl\u00f6tzlich nicht mehr zu, es gab keine Katalogseite f\u00fcr &#8222;ICH&#8220;, es gibt nicht mal ein Medikament oder eine Behandlungsmethode dagegen, nicht mal einen Therapieansatz. <strong>Schei\u00dfe!!!<\/strong><br> Das ist \u00fcbrigens ne verdammt anstrengende Krankheit und nicht immer toll, aber irgendwie gew\u00f6hnt man sich sicher auch an die Krankheit &#8222;ICH&#8220;&#8230;der Mensch h\u00e4lt einiges aus&#8230; \ud83d\ude09<\/p>\n\n\n\n<figure class=\"wp-block-embed is-type-video is-provider-youtube wp-block-embed-youtube wp-embed-aspect-4-3 wp-has-aspect-ratio\"><div class=\"wp-block-embed__wrapper\">\n<iframe loading=\"lazy\" hcb-fetch-image-from=\"https:\/\/youtu.be\/LXIWRan3XGY?si=ylOQ-FO6c98U7geI\" title=\"Type O Negative - I Don&#039;t Wanna Be Me [OFFICIAL VIDEO]\" width=\"1080\" height=\"810\" src=\"https:\/\/www.youtube.com\/embed\/LXIWRan3XGY?feature=oembed\" frameborder=\"0\" allow=\"accelerometer; autoplay; clipboard-write; encrypted-media; gyroscope; picture-in-picture; web-share\" referrerpolicy=\"strict-origin-when-cross-origin\" allowfullscreen><\/iframe>\n<\/div><\/figure>\n","protected":false},"excerpt":{"rendered":"<p>Schubladen&#8230; Nur ganz kurz etwas zum Thema Diagnosen im psychiatrischen Kontext&#8230; Am Anfang war ich relativ normal (oder? \ud83d\ude1b ) dann wurde ich manisch depressiv. Das wurde mir irgendwann zu langweilig. Immer dieses Bl\u00f6de auf und ab&#8230; Da dachte ich mir, ich werde Borderliner&#8230;das klingt nicht nur cool, sondern die sind&#8217;s irgendwie auch&#8230; hmmm, als [&hellip;]<\/p>\n","protected":false},"author":1,"featured_media":0,"parent":0,"menu_order":0,"comment_status":"closed","ping_status":"closed","template":"","meta":{"footnotes":""},"class_list":["post-442","page","type-page","status-publish","hentry"],"_links":{"self":[{"href":"https:\/\/www.run-a-way.de\/index.php?rest_route=\/wp\/v2\/pages\/442","targetHints":{"allow":["GET"]}}],"collection":[{"href":"https:\/\/www.run-a-way.de\/index.php?rest_route=\/wp\/v2\/pages"}],"about":[{"href":"https:\/\/www.run-a-way.de\/index.php?rest_route=\/wp\/v2\/types\/page"}],"author":[{"embeddable":true,"href":"https:\/\/www.run-a-way.de\/index.php?rest_route=\/wp\/v2\/users\/1"}],"replies":[{"embeddable":true,"href":"https:\/\/www.run-a-way.de\/index.php?rest_route=%2Fwp%2Fv2%2Fcomments&post=442"}],"version-history":[{"count":4,"href":"https:\/\/www.run-a-way.de\/index.php?rest_route=\/wp\/v2\/pages\/442\/revisions"}],"predecessor-version":[{"id":1344,"href":"https:\/\/www.run-a-way.de\/index.php?rest_route=\/wp\/v2\/pages\/442\/revisions\/1344"}],"wp:attachment":[{"href":"https:\/\/www.run-a-way.de\/index.php?rest_route=%2Fwp%2Fv2%2Fmedia&parent=442"}],"curies":[{"name":"wp","href":"https:\/\/api.w.org\/{rel}","templated":true}]}}

<h2 class="wp-block-heading">Schubladen&#8230;</h2>



<p>Nur ganz kurz etwas zum Thema Diagnosen im psychiatrischen Kontext&#8230;</p>



<p>Am Anfang war ich relativ normal (oder? 😛 ) dann wurde ich manisch depressiv. Das wurde mir irgendwann zu langweilig. Immer dieses Blöde auf und ab&#8230;<br>
Da dachte ich mir, ich werde Borderliner&#8230;das klingt nicht nur cool, sondern die sind&#8217;s irgendwie auch&#8230; hmmm, als Nächstes merkte ich, dass mein Selbstwert irgendwie gerade am Boden ist. Wie wäre es denn so ne Weile als Narzisst rumzulaufen? Das hat mir dann schon ganz gut gefallen&#8230;aber am Tollsten war ich dann als paranoider Schizophrener. Hatten wir ein Spaß! 😛 &#8230;</p>



<p>Naja, irgendwann kam dann die schlimmste Diagnose die man im psychiatrischen Bereich bekommen kann, ich war plötzlich nur noch &#8222;ICH&#8220;.<br> Die Schublade ging plötzlich nicht mehr zu, es gab keine Katalogseite für &#8222;ICH&#8220;, es gibt nicht mal ein Medikament oder eine Behandlungsmethode dagegen, nicht mal einen Therapieansatz. <strong>Scheiße!!!</strong><br> Das ist übrigens ne verdammt anstrengende Krankheit und nicht immer toll, aber irgendwie gewöhnt man sich sicher auch an die Krankheit &#8222;ICH&#8220;&#8230;der Mensch hält einiges aus&#8230; 😉</p>



<figure class="wp-block-embed is-type-video is-provider-youtube wp-block-embed-youtube wp-embed-aspect-4-3 wp-has-aspect-ratio"><div class="wp-block-embed__wrapper">
<iframe loading="lazy" hcb-fetch-image-from="https://youtu.be/LXIWRan3XGY?si=ylOQ-FO6c98U7geI" title="Type O Negative - I Don&#039;t Wanna Be Me [OFFICIAL VIDEO]" width="1080" height="810" src="https://www.youtube.com/embed/LXIWRan3XGY?feature=oembed" frameborder="0" allow="accelerometer; autoplay; clipboard-write; encrypted-media; gyroscope; picture-in-picture; web-share" referrerpolicy="strict-origin-when-cross-origin" allowfullscreen></iframe>
</div></figure>

<p>Schubladen&#8230; Nur ganz kurz etwas zum Thema Diagnosen im psychiatrischen Kontext&#8230; Am Anfang war ich relativ normal (oder? 😛 ) dann wurde ich manisch depressiv. Das wurde mir irgendwann zu langweilig. Immer dieses Blöde auf und ab&#8230; Da dachte ich mir, ich werde Borderliner&#8230;das klingt nicht nur cool, sondern die sind&#8217;s irgendwie auch&#8230; hmmm, als [&hellip;]</p>
