{"id":500,"date":"2018-07-11T05:17:48","date_gmt":"2018-07-11T05:17:48","guid":{"rendered":"https:\/\/www.run-a-way.de\/?page_id=500"},"modified":"2025-12-01T14:28:29","modified_gmt":"2025-12-01T13:28:29","slug":"was-soll-der-scheiss","status":"publish","type":"page","link":"https:\/\/www.run-a-way.de\/?page_id=500","title":{"rendered":"Was soll der Schei\u00df&#8230;?"},"content":{"rendered":"\n<p><\/p>\n\n\n\n<h2 class=\"wp-block-heading\">Der Sinn dieser Seite, ich hoffe es gibt einen&#8230;<\/h2>\n\n\n<div class=\"wp-block-image\">\n<figure class=\"alignright size-full\"><img loading=\"lazy\" decoding=\"async\" width=\"512\" height=\"512\" src=\"https:\/\/www.run-a-way.de\/wp-content\/uploads\/2025\/11\/cropped-Logo-run-a-way.png\" alt=\"\" class=\"wp-image-1089\" srcset=\"https:\/\/www.run-a-way.de\/wp-content\/uploads\/2025\/11\/cropped-Logo-run-a-way.png 512w, https:\/\/www.run-a-way.de\/wp-content\/uploads\/2025\/11\/cropped-Logo-run-a-way-300x300.png 300w, https:\/\/www.run-a-way.de\/wp-content\/uploads\/2025\/11\/cropped-Logo-run-a-way-150x150.png 150w, https:\/\/www.run-a-way.de\/wp-content\/uploads\/2025\/11\/cropped-Logo-run-a-way-270x270.png 270w, https:\/\/www.run-a-way.de\/wp-content\/uploads\/2025\/11\/cropped-Logo-run-a-way-192x192.png 192w, https:\/\/www.run-a-way.de\/wp-content\/uploads\/2025\/11\/cropped-Logo-run-a-way-180x180.png 180w, https:\/\/www.run-a-way.de\/wp-content\/uploads\/2025\/11\/cropped-Logo-run-a-way-32x32.png 32w\" sizes=\"auto, (max-width: 512px) 100vw, 512px\" \/><\/figure>\n<\/div>\n\n\n<h2 class=\"wp-block-heading\"><\/h2>\n\n\n\n<p><strong>1. Hauptziel<\/strong><\/p>\n\n\n\n<p>Ich will hier meine Erfahrungen mit meiner schizoaffektiven Macke teilen und diese f\u00fcr Angeh\u00f6rige, Betroffene und vielleicht auch Leuten vom Fach zug\u00e4nglich machen.<br>Gewollter Nebeneffekt dabei ist, mich selbst besser wahrzunehmen. Ein Blick von oben auf mich drauf, wenn man so will. Ich versuche mich ehrlich zu reflektieren, mich auch ein St\u00fcck weit zu analysieren.<\/p>\n\n\n\n<p>Vielleicht ist da auch ein kleiner Wunsch nach Selbstheilung oder zumindest Besserung meiner Symptomatik und nicht zuletzt auch der Wunsch, meinem Leben wieder sowas wie einen Sinn zu geben, au\u00dferdem will ich ber\u00fchmt werden, deswegen schreibe ich auch unter einem Pseudonym. \ud83d\ude0a<br><br><br><\/p>\n\n\n\n<p><strong>2. Teilziele<\/strong><\/p>\n\n\n\n<ul class=\"wp-block-list\">\n<li>Beseitigung von Vorurteilen gegen\u00fcber psychisch Kranken, ja auch wir kriegen was auf die Reihe<\/li>\n\n\n\n<li>Interesse wecken, statt weggucken &nbsp;<\/li>\n\n\n\n<li>Verst\u00e4ndnis f\u00fcr Betroffene, mich inklusive erzeugen<\/li>\n\n\n\n<li>Information und auch Warnung von Betroffenen, Angeh\u00f6rigen. Macht nicht dasselbe Chaos durch wie ich\u2026<\/li>\n\n\n\n<li>Anregung zum Nachdenken \u00fcber die eigene Situation und die Gesellschaft wie sie momentan leider ist\u2026<\/li>\n\n\n\n<li>Hilfe zur Selbsthilfe<\/li>\n\n\n\n<li>Erzeugen von Mut, im Kleinen etwas ver\u00e4ndern zu k\u00f6nnen<\/li>\n<\/ul>\n\n\n\n<p><strong>3. Mittel<\/strong><\/p>\n\n\n\n<ul class=\"wp-block-list\">\n<li>Ehrlichkeit<\/li>\n\n\n\n<li>Aufrichtigkeit<\/li>\n\n\n\n<li>Authentizit\u00e4t<\/li>\n\n\n\n<li>Offenheit<\/li>\n\n\n\n<li>Geradlinigkeit<\/li>\n\n\n\n<li>Fairness<\/li>\n\n\n\n<li>Respekt und Achtung<\/li>\n\n\n\n<li>Mitgef\u00fchl<\/li>\n<\/ul>\n\n\n\n<p>Ich versuche diese Mittel einzusetzen so oft und so gut es geht. Das soll nicht hei\u00dfen, dass ich nicht vom Weg abkomme\u2026aber die Richtung stimmt, glaube ich\u2026<\/p>\n\n\n\n<p><strong>4. Glauben<\/strong><\/p>\n\n\n\n<p>Ja! Ich glaube und das unabh\u00e4ngig aller Religionen\u2026<br>\u2026und Ja! Ich bin wahnsinnig \ud83d\ude09<\/p>\n\n\n\n<p><\/p>\n\n\n\n<figure class=\"wp-block-embed is-type-video is-provider-youtube wp-block-embed-youtube wp-embed-aspect-16-9 wp-has-aspect-ratio\"><div class=\"wp-block-embed__wrapper\">\n<iframe loading=\"lazy\" hcb-fetch-image-from=\"https:\/\/youtu.be\/Dn8vzTsnPps?si=3H0pi25KGVjmU4-y\" title=\"Limp Bizkit - My Way\" width=\"1080\" height=\"608\" src=\"https:\/\/www.youtube.com\/embed\/Dn8vzTsnPps?feature=oembed\" frameborder=\"0\" allow=\"accelerometer; autoplay; clipboard-write; encrypted-media; gyroscope; picture-in-picture; web-share\" referrerpolicy=\"strict-origin-when-cross-origin\" allowfullscreen><\/iframe>\n<\/div><\/figure>\n","protected":false},"excerpt":{"rendered":"<p>Der Sinn dieser Seite, ich hoffe es gibt einen&#8230; 1. Hauptziel Ich will hier meine Erfahrungen mit meiner schizoaffektiven Macke teilen und diese f\u00fcr Angeh\u00f6rige, Betroffene und vielleicht auch Leuten vom Fach zug\u00e4nglich machen.Gewollter Nebeneffekt dabei ist, mich selbst besser wahrzunehmen. Ein Blick von oben auf mich drauf, wenn man so will. Ich versuche mich [&hellip;]<\/p>\n","protected":false},"author":1,"featured_media":0,"parent":0,"menu_order":0,"comment_status":"closed","ping_status":"closed","template":"","meta":{"footnotes":""},"class_list":["post-500","page","type-page","status-publish","hentry"],"_links":{"self":[{"href":"https:\/\/www.run-a-way.de\/index.php?rest_route=\/wp\/v2\/pages\/500","targetHints":{"allow":["GET"]}}],"collection":[{"href":"https:\/\/www.run-a-way.de\/index.php?rest_route=\/wp\/v2\/pages"}],"about":[{"href":"https:\/\/www.run-a-way.de\/index.php?rest_route=\/wp\/v2\/types\/page"}],"author":[{"embeddable":true,"href":"https:\/\/www.run-a-way.de\/index.php?rest_route=\/wp\/v2\/users\/1"}],"replies":[{"embeddable":true,"href":"https:\/\/www.run-a-way.de\/index.php?rest_route=%2Fwp%2Fv2%2Fcomments&post=500"}],"version-history":[{"count":27,"href":"https:\/\/www.run-a-way.de\/index.php?rest_route=\/wp\/v2\/pages\/500\/revisions"}],"predecessor-version":[{"id":1369,"href":"https:\/\/www.run-a-way.de\/index.php?rest_route=\/wp\/v2\/pages\/500\/revisions\/1369"}],"wp:attachment":[{"href":"https:\/\/www.run-a-way.de\/index.php?rest_route=%2Fwp%2Fv2%2Fmedia&parent=500"}],"curies":[{"name":"wp","href":"https:\/\/api.w.org\/{rel}","templated":true}]}}