{"id":796,"date":"2024-03-10T18:40:39","date_gmt":"2024-03-10T17:40:39","guid":{"rendered":"https:\/\/www.run-a-way.de\/?page_id=796"},"modified":"2025-11-26T17:32:53","modified_gmt":"2025-11-26T16:32:53","slug":"14-gehts-noch","status":"publish","type":"page","link":"https:\/\/www.run-a-way.de\/?page_id=796","title":{"rendered":"14. Gehts noch?"},"content":{"rendered":"\n<h2 class=\"wp-block-heading\">Diese Welt geht unter&#8230;<\/h2>\n\n\n\n<p><\/p>\n\n\n\n<p>Irgendwie habe ich das Gef\u00fchl, dass der Wahnsinn langsam grassiert. Ich beginne mich auf dieser Welt nicht mehr wohlzuf\u00fchlen. Viren die ganze Welten in Schach halten, das Klima kollabiert, Kriege vor der Haust\u00fcr, M\u00f6rder die ungeniert machen k\u00f6nnen was sie wollen, Wahnsinnige (da bin ich ohne Medikamente noch harmlos dagegen) die Weltm\u00e4chte regieren. <br><br>Ist es eigentlich noch eine Frage, wo das noch hinf\u00fchren soll, oder ist es schon klar wie Klo\u00dfbr\u00fche?<br>Steht der 3. Weltkrieg vor der T\u00fcr, die Apokalypse? <br>Werden wir bald alle sterben?<br>Es ist krass, aber es sieht danach aus und das Schlimme ist, man kann so gut wie gar nix (mehr) dagegen tun.<br>Ich frage mich ob es seelisch gesunden Menschen genauso geht wie mir, oder ob ich alles nur noch schw\u00e4rzer sehe. Aber die Realit\u00e4t schein nun mal ziemlich schwarz zu sein.<br>Was tun? Den Kopf in den Sand stecken? Planlos&#8230;trostlos.<\/p>\n\n\n\n<p>Ich habe das Gef\u00fchl, dass jedwedes Handeln sinnlos geworden ist, und das scheint der Hauptgrund zu sein, warum ich keine Interessen und keinen Antrieb mehr habe. <br>Reden? Wor\u00fcber? Es ist doch alles schon gesagt&#8230; <\/p>\n\n\n\n<p>Es ist nicht so, dass ich mich in Selbstmitleid suhle, auch wenn es vielleicht gerade so klingt. Ich sehe nur leider kein Licht mehr am Ende des Tunnels. <\/p>\n\n\n\n<p>&#8230;und NEIN ich bin nicht suizidal. Wozu auch?<br><br>   <\/p>\n\n\n<div class=\"wp-block-image\">\n<figure class=\"aligncenter size-large\"><img loading=\"lazy\" decoding=\"async\" width=\"1024\" height=\"768\" src=\"https:\/\/www.run-a-way.de\/wp-content\/uploads\/2023\/02\/IMG_0977-1024x768.jpg\" alt=\"\" class=\"wp-image-771\" srcset=\"https:\/\/www.run-a-way.de\/wp-content\/uploads\/2023\/02\/IMG_0977-1024x768.jpg 1024w, https:\/\/www.run-a-way.de\/wp-content\/uploads\/2023\/02\/IMG_0977-300x225.jpg 300w, https:\/\/www.run-a-way.de\/wp-content\/uploads\/2023\/02\/IMG_0977-768x576.jpg 768w, https:\/\/www.run-a-way.de\/wp-content\/uploads\/2023\/02\/IMG_0977-1536x1152.jpg 1536w, https:\/\/www.run-a-way.de\/wp-content\/uploads\/2023\/02\/IMG_0977-800x600.jpg 800w, https:\/\/www.run-a-way.de\/wp-content\/uploads\/2023\/02\/IMG_0977-1920x1440.jpg 1920w\" sizes=\"auto, (max-width: 1024px) 100vw, 1024px\" \/><\/figure>\n<\/div>\n\n\n<p>   <\/p>\n\n\n\n<p>Januar 2025<\/p>\n\n\n\n<p>Leere \u2013 ja und da geht es schon los. Ich wei\u00df nicht mehr was ich noch schreiben soll. Mein Leben wird immer sinnloser. Ich besch\u00e4ftige mich fast ausschlie\u00dflich mit rudiment\u00e4ren Dingen und das Schlimme ist, ich habe keine Motivation mehr daran was zu \u00e4ndern.<br>Jeder Tag ist fast das exakte Spiegelbild des Vortages.<br>Eigentlich kann ich mich nicht beklagen. Ich muss mir um fast nichts Sorgen machen (mal abgesehen von der politischen und klimatechnischen Lage der Welt). Mir sollte es eigentlich gut gehen. Ich habe noch alle M\u00f6glichkeiten etwas zu erleben, mein Leben irgendwie noch zu genie\u00dfen, aber ich kann nicht und irgendwie scheine ich auch nicht zu wollen. Ich habe nicht den Eindruck, dass ich depressiv bin. Ich habe auch nicht vor mich umzubringen.<br>Die Sinnlosigkeit hat mich \u00fcbermannt. Es ist immerhin ein Fortschritt, dass ich hier sitze und schreibe.<br>Ich habe kein Ziel mehr im Leben. Das k\u00f6nnte der Grund f\u00fcr meinen augenblicklichen oder besser gesagt mittlerweile Dauerzustand sein.<br> <br>Aber was w\u00e4re denn ein sinnvolles Ziel? Kann das nicht die KI f\u00fcr mich erledigen? Macht es \u00fcberhaupt noch Sinn selbst\u00e4ndig zu denken und etwas zu erschaffen?<br>Was ist denn in dieser Welt \u00fcberhaupt noch etwas wert? Der Mensch selbst? Oder wird auch der demn\u00e4chst abgeschafft? Manchmal frage ich mich, ob gewisse Kreise schon eine Ahnung davon haben was uns bevorsteht. Ich bin, mal abgesehen von meinen psychotischen Krisen, wei\u00df Gott kein Verschw\u00f6rungstheoretiker oder Untergangsprophet, aber wie kann es sein, dass diese Dinge heute einfach passieren. Ist es nicht nur dann logisch, dass die Menschheit immer egoistischer wird, wenn wir uns dem Ende n\u00e4hern? Dem Ende der Welt? &nbsp;&nbsp;<\/p>\n\n\n\n<p><a href=\"https:\/\/www.run-a-way.de\/?page_id=203\">hier gehts weiter oder auch nicht&gt;<\/a><\/p>\n\n\n\n<figure class=\"wp-block-embed is-type-video is-provider-youtube wp-block-embed-youtube wp-embed-aspect-16-9 wp-has-aspect-ratio\"><div class=\"wp-block-embed__wrapper\">\n<iframe loading=\"lazy\" hcb-fetch-image-from=\"https:\/\/youtu.be\/Z3nb_r18ug0?si=t4S03FFDVOPtD1p2\" title=\"Within Temptation - Supernova (Official Music Video)\" width=\"1080\" height=\"608\" src=\"https:\/\/www.youtube.com\/embed\/Z3nb_r18ug0?feature=oembed\" frameborder=\"0\" allow=\"accelerometer; autoplay; clipboard-write; encrypted-media; gyroscope; picture-in-picture; web-share\" referrerpolicy=\"strict-origin-when-cross-origin\" allowfullscreen><\/iframe>\n<\/div><\/figure>\n","protected":false},"excerpt":{"rendered":"<p>Diese Welt geht unter&#8230; Irgendwie habe ich das Gef\u00fchl, dass der Wahnsinn langsam grassiert. Ich beginne mich auf dieser Welt nicht mehr wohlzuf\u00fchlen. Viren die ganze Welten in Schach halten, das Klima kollabiert, Kriege vor der Haust\u00fcr, M\u00f6rder die ungeniert machen k\u00f6nnen was sie wollen, Wahnsinnige (da bin ich ohne Medikamente noch harmlos dagegen) die [&hellip;]<\/p>\n","protected":false},"author":1,"featured_media":0,"parent":0,"menu_order":0,"comment_status":"closed","ping_status":"closed","template":"","meta":{"footnotes":""},"class_list":["post-796","page","type-page","status-publish","hentry"],"_links":{"self":[{"href":"https:\/\/www.run-a-way.de\/index.php?rest_route=\/wp\/v2\/pages\/796","targetHints":{"allow":["GET"]}}],"collection":[{"href":"https:\/\/www.run-a-way.de\/index.php?rest_route=\/wp\/v2\/pages"}],"about":[{"href":"https:\/\/www.run-a-way.de\/index.php?rest_route=\/wp\/v2\/types\/page"}],"author":[{"embeddable":true,"href":"https:\/\/www.run-a-way.de\/index.php?rest_route=\/wp\/v2\/users\/1"}],"replies":[{"embeddable":true,"href":"https:\/\/www.run-a-way.de\/index.php?rest_route=%2Fwp%2Fv2%2Fcomments&post=796"}],"version-history":[{"count":18,"href":"https:\/\/www.run-a-way.de\/index.php?rest_route=\/wp\/v2\/pages\/796\/revisions"}],"predecessor-version":[{"id":1311,"href":"https:\/\/www.run-a-way.de\/index.php?rest_route=\/wp\/v2\/pages\/796\/revisions\/1311"}],"wp:attachment":[{"href":"https:\/\/www.run-a-way.de\/index.php?rest_route=%2Fwp%2Fv2%2Fmedia&parent=796"}],"curies":[{"name":"wp","href":"https:\/\/api.w.org\/{rel}","templated":true}]}}

<h2 class="wp-block-heading">Diese Welt geht unter&#8230;</h2>



<p></p>



<p>Irgendwie habe ich das Gefühl, dass der Wahnsinn langsam grassiert. Ich beginne mich auf dieser Welt nicht mehr wohlzufühlen. Viren die ganze Welten in Schach halten, das Klima kollabiert, Kriege vor der Haustür, Mörder die ungeniert machen können was sie wollen, Wahnsinnige (da bin ich ohne Medikamente noch harmlos dagegen) die Weltmächte regieren. <br><br>Ist es eigentlich noch eine Frage, wo das noch hinführen soll, oder ist es schon klar wie Kloßbrühe?<br>Steht der 3. Weltkrieg vor der Tür, die Apokalypse? <br>Werden wir bald alle sterben?<br>Es ist krass, aber es sieht danach aus und das Schlimme ist, man kann so gut wie gar nix (mehr) dagegen tun.<br>Ich frage mich ob es seelisch gesunden Menschen genauso geht wie mir, oder ob ich alles nur noch schwärzer sehe. Aber die Realität schein nun mal ziemlich schwarz zu sein.<br>Was tun? Den Kopf in den Sand stecken? Planlos&#8230;trostlos.</p>



<p>Ich habe das Gefühl, dass jedwedes Handeln sinnlos geworden ist, und das scheint der Hauptgrund zu sein, warum ich keine Interessen und keinen Antrieb mehr habe. <br>Reden? Worüber? Es ist doch alles schon gesagt&#8230; </p>



<p>Es ist nicht so, dass ich mich in Selbstmitleid suhle, auch wenn es vielleicht gerade so klingt. Ich sehe nur leider kein Licht mehr am Ende des Tunnels. </p>



<p>&#8230;und NEIN ich bin nicht suizidal. Wozu auch?<br><br>   </p>


<div class="wp-block-image">
<figure class="aligncenter size-large"><img loading="lazy" decoding="async" width="1024" height="768" src="https://www.run-a-way.de/wp-content/uploads/2023/02/IMG_0977-1024x768.jpg" alt="" class="wp-image-771" srcset="https://www.run-a-way.de/wp-content/uploads/2023/02/IMG_0977-1024x768.jpg 1024w, https://www.run-a-way.de/wp-content/uploads/2023/02/IMG_0977-300x225.jpg 300w, https://www.run-a-way.de/wp-content/uploads/2023/02/IMG_0977-768x576.jpg 768w, https://www.run-a-way.de/wp-content/uploads/2023/02/IMG_0977-1536x1152.jpg 1536w, https://www.run-a-way.de/wp-content/uploads/2023/02/IMG_0977-800x600.jpg 800w, https://www.run-a-way.de/wp-content/uploads/2023/02/IMG_0977-1920x1440.jpg 1920w" sizes="auto, (max-width: 1024px) 100vw, 1024px" /></figure>
</div>


<p>   </p>



<p>Januar 2025</p>



<p>Leere – ja und da geht es schon los. Ich weiß nicht mehr was ich noch schreiben soll. Mein Leben wird immer sinnloser. Ich beschäftige mich fast ausschließlich mit rudimentären Dingen und das Schlimme ist, ich habe keine Motivation mehr daran was zu ändern.<br>Jeder Tag ist fast das exakte Spiegelbild des Vortages.<br>Eigentlich kann ich mich nicht beklagen. Ich muss mir um fast nichts Sorgen machen (mal abgesehen von der politischen und klimatechnischen Lage der Welt). Mir sollte es eigentlich gut gehen. Ich habe noch alle Möglichkeiten etwas zu erleben, mein Leben irgendwie noch zu genießen, aber ich kann nicht und irgendwie scheine ich auch nicht zu wollen. Ich habe nicht den Eindruck, dass ich depressiv bin. Ich habe auch nicht vor mich umzubringen.<br>Die Sinnlosigkeit hat mich übermannt. Es ist immerhin ein Fortschritt, dass ich hier sitze und schreibe.<br>Ich habe kein Ziel mehr im Leben. Das könnte der Grund für meinen augenblicklichen oder besser gesagt mittlerweile Dauerzustand sein.<br> <br>Aber was wäre denn ein sinnvolles Ziel? Kann das nicht die KI für mich erledigen? Macht es überhaupt noch Sinn selbständig zu denken und etwas zu erschaffen?<br>Was ist denn in dieser Welt überhaupt noch etwas wert? Der Mensch selbst? Oder wird auch der demnächst abgeschafft? Manchmal frage ich mich, ob gewisse Kreise schon eine Ahnung davon haben was uns bevorsteht. Ich bin, mal abgesehen von meinen psychotischen Krisen, weiß Gott kein Verschwörungstheoretiker oder Untergangsprophet, aber wie kann es sein, dass diese Dinge heute einfach passieren. Ist es nicht nur dann logisch, dass die Menschheit immer egoistischer wird, wenn wir uns dem Ende nähern? Dem Ende der Welt? &nbsp;&nbsp;</p>



<p><a href="https://www.run-a-way.de/?page_id=203">hier gehts weiter oder auch nicht&gt;</a></p>



<figure class="wp-block-embed is-type-video is-provider-youtube wp-block-embed-youtube wp-embed-aspect-16-9 wp-has-aspect-ratio"><div class="wp-block-embed__wrapper">
<iframe loading="lazy" hcb-fetch-image-from="https://youtu.be/Z3nb_r18ug0?si=t4S03FFDVOPtD1p2" title="Within Temptation - Supernova (Official Music Video)" width="1080" height="608" src="https://www.youtube.com/embed/Z3nb_r18ug0?feature=oembed" frameborder="0" allow="accelerometer; autoplay; clipboard-write; encrypted-media; gyroscope; picture-in-picture; web-share" referrerpolicy="strict-origin-when-cross-origin" allowfullscreen></iframe>
</div></figure>

<p>Diese Welt geht unter&#8230; Irgendwie habe ich das Gefühl, dass der Wahnsinn langsam grassiert. Ich beginne mich auf dieser Welt nicht mehr wohlzufühlen. Viren die ganze Welten in Schach halten, das Klima kollabiert, Kriege vor der Haustür, Mörder die ungeniert machen können was sie wollen, Wahnsinnige (da bin ich ohne Medikamente noch harmlos dagegen) die [&hellip;]</p>
